be q(-23). Give y(x).
31
Let x = -599 + 608. Let p(g) be the first derivative of -g**3/3 + 9*g**2/2 - 11*g + 7. Give p(x).
-11
Let n be (-2)/(-7) + 26/7. Let c(w) = -294 - 297 + 0*w**2 - 291 + 2*w + 880 + w**2 - 8*w. Give c(n).
-10
Let w(c) be the first derivative of -c**4/4 + 2*c**3 - 2*c**2 + 27408. Suppose 0 = 4*g - 2*s - 20, -2*g - 5*s + 10 = -0. Give w(g).
5
Let k(c) = -9*c**2 + 3*c + 3. Let s be (-1 - 0)/((-2)/(-158)) - 3. Let l = s - -80. Determine k(l).
-39
Let i(p) = 2*p - 45. Let n(c) = 50*c + 341. Let a(b) = 5*i(b) + n(b). Calculate a(-2).
-4
Let i(t) = t - 2 - 3 - 1. Let x = -32 - -51. Let b(k) = k - 13. Let c be b(x). Give i(c).
0
Suppose -55*d = -39*d - 8512. Let b = 530 - d. Let r(m) = -4*m**2 - 3*m - 2. Give r(b).
-12
Let o be ((-10)/(-6))/((-5)/(-15)). Let g(l) = -5*l - 1. Let b be g(0). Let v(i) = i - 2. Let k(t) = -5*t + 19. Let s(w) = b*k(w) - 4*v(w). Calculate s(o).
-6
Let p be 36/(-90) - (-558)/(-30). Let y(u) = -u**3 - 18*u**2 + 18*u - 4. Calculate y(p).
15
Let r(b) = -2*b**2 - 26*b - 39. Let t be r(-11). Let o(z) = -18 + 15*z + t + 6 + 8. Calculate o(-1).
-14
Let m(h) = 14*h + 79147 + 2*h**2 - 79148 + 11*h. Calculate m(-6).
-79
Let h(r) be the third derivative of r**5/30 + 25*r**4/24 + 2*r**3/3 - 1179*r**2. Calculate h(-12).
-8
Let g(w) = 13*w + 9. Let d(u) = -42*u - 26. Let m(v) = 3*d(v) + 10*g(v). Suppose -34 = 5*s + 6. Give m(s).
-20
Suppose 0 = 3*u - 247 + 82. Let r(v) = u*v - 118*v + 62*v. Calculate r(-1).
1
Let t(q) = -q**3 - 62*q**2 + 123*q - 318. Let x be t(-64). Let u(z) be the third derivative of z**4/6 + z**3/6 + 10*z**2 - 2. Calculate u(x).
9
Let k(b) = 279*b - 4185. Let c be k(15). Let y(h) = -h**3 - 2*h**2 + 3*h - 9. Determine y(c).
-9
Let y(j) be the first derivative of -1/3*j**3 - j**2 - 90 + 8*j. Give y(4).
-16
Suppose -5*u + 2*k = -49 + 13, -k + 18 = 2*u. Suppose 4*x - 8 = -0*x, 4*x = -2*j + u. Let v(d) = d**3 - d**2 - 2. Determine v(j).
-2
Suppose -5*i - 9 = 16. Suppose 0 = 2*h - 3*b + 1, 3*b = 2*h - 2*b + 11. Let z(k) = -7 - h*k + 5 + 3*k - 5. Calculate z(i).
13
Suppose 0 = 4*k - 3*z - 199, -z + 9 = 2*z. Let g = -50 + k. Let t(h) = -7*h**2 - 8 - 3*h**2 - 9*h**2 + 20*h**g. Calculate t(0).
-8
Let t(y) = -2*y + 3. Let h = 168 - 175. Let s(o) = -o. Let d(w) = h*s(w) + 4*t(w). Determine d(7).
5
Let d(u) = u**2 - 4*u + 6. Let g be d(3). Let c = g + 3. Let p(x) = -4*x - 7*x**2 + x**3 + 2*x + 4*x + 4*x + 2. Calculate p(c).
2
Let y(x) = 0*x**2 - 9*x + 2*x**2 + 7 + 2*x**2 - 3*x**2. Suppose 2*v + 3*b = 15, -3*v + 3*b = -0*v. Suppose -5*o - s + 24 = 0, 0*s + s = -v*o + 14. Give y(o).
-13
Let f(w) = -10*w**2 - 3*w - 10. Let q(h) = 3*h**2 + h + 3. Let p = -6 + 13. Let x(m) = p*q(m) + 2*f(m). What is x(3)?
13
Let g(j) = -2*j + 8. Let z = -36 + 167. Let i = z - 127. What is g(i)?
0
Let p(s) = 6*s + 9. Let j = 13 - 16. Let i(r) = 7*r + 9. Let l(b) = j*i(b) + 4*p(b). Let q = 1000 + -1006. Calculate l(q).
-9
Let h(v) = v**3 - 9*v**2 + v - 7. Let o be -2 + 4/((1 - 3) + 3). Let c be o/6 - (-52)/6. Give h(c).
2
Let h(l) = -4*l**2 - 75*l + 11. Let c be h(-8). Let q(o) = -2*o - 353 - c - 353 + 1060 + o**2. Suppose 4*j - 21 = -1. Give q(j).
14
Let v = 71 - 68. Let d(k) be the first derivative of -k**3/3 - 4*k + 2358. Determine d(v).
-13
Let p be (-119)/21 + 2/(-6). Suppose -24 = -2*s - 0*s - 2*b, s - 2*b = -3. Let o(z) = 1 - 15*z**2 - s*z - 28*z**2 + 42*z**2. Give o(p).
7
Let r(b) = -b**3 - 2*b**2 + 11*b - 13. Suppose -5*t - 42*t + 94 = 0. Give r(t).
-7
Let i(w) = -163 - w**2 + 13 + 79 - 18*w. Let t be i(-11). Let u(p) be the first derivative of -p**4/4 + 8*p**3/3 - 4*p**2 + p + 2. Determine u(t).
25
Let x(w) = 37*w - 42*w + w**2 - 2*w**2 - 103 + 2*w**2. Give x(-8).
1
Let s = 20 + -17. Suppose -c = 2*v + s*c - 22, 8 = 2*c. Let f(g) = -3 - 11*g + 18*g + 2*g**3 - v*g**3 + 9*g**2 + 4*g. Give f(10).
7
Let t be (8/(-6))/((-6)/9). Suppose -5*q + 18 + t = 0. Let b(f) = -f - 3 - 3 + q - 1. Determine b(-5).
2
Let m be (89 + -92)/((-3)/4). Let p be 12/7 + 2/7. Let i(g) = -4 + 4 + p - 5 + 5*g. Determine i(m).
17
Let r(y) be the second derivative of -3*y**3/2 + y**2/2 - y. Suppose -4 = -25*d + 27*d. Calculate r(d).
19
Let w = 7831 - 7812. Let f(n) = -n + 13. Give f(w).
-6
Let h = 217 + -220. Let w(d) be the first derivative of -2*d**2 + 6 - 1/4*d**4 - 2*d - d**3. Calculate w(h).
10
Let n(w) = -5*w - 59. Let x be n(-12). Let r(h) = -102*h**2 + 52*h**2 + 54*h**2 + 1 - x. Determine r(-1).
4
Let d(n) = 2*n**3 + 10*n**2 - 10*n + 14. Let q be d(-6). Let z(o) = -o - 11*o**q + 10 - 9*o**2 - 11*o**2 + 32*o**2. Calculate z(0).
10
Let b = -621 + 616. Let w = 11 + -6. Let g(h) = -h**3 - 5*h**2 - 2*h + 5. Let v(u) = -2*u**3 - 10*u**2 - 3*u + 10. Let p(s) = w*g(s) - 3*v(s). Give p(b).
0
Let h(t) = -19*t - 82. Let x = 6941 - 6945. Give h(x).
-6
Let q(z) = -z**3 - z**3 - 29*z - 21*z + 43*z. Let c(y) = -3*y**3 - 10*y. Let x(t) = -5*c(t) + 7*q(t). Let o(n) be the second derivative of x(n). Give o(-2).
-12
Let o(m) = -m. Let l be o(-1). Let k(r) = l + 0 + 16*r - 14*r. Let z(i) = i**2 - 9*i + 19. Let v be z(6). Determine k(v).
3
Let l be (4/(-11))/((-46)/1265). Let h = 2 - 0. Let q(o) = -2*o + 0*o + 3 - 6*o - h*o**2 + l*o. Give q(-2).
-9
Let n(b) = 11*b - 50. Let d(c) = 2*c + 1. Let g(q) = -d(q) - n(q). Determine g(5).
-16
Let v(s) = -5*s. Let a(t) = -3*t - 4. Let w(c) = -4*c - 5. Let n(i) = -6*a(i) + 5*w(i). Let q(f) = 3*n(f) - v(f). Calculate q(4).
-7
Let c(k) = 5 - 12*k + 3*k**3 - 5*k**3 + 25*k**2 + 6*k**3 - 5*k. Let v(f) = f**3 + 8*f**2 - 6*f + 2. Let i(p) = 2*c(p) - 7*v(p). Determine i(5).
11
Let c(v) = -v**2 - 9*v - 8. Let k be c(-7). Let u be 2/((k/(-27))/(12/(-27))). Let w be (-1)/(36/188) + u/18. Let r(t) = 2*t + 3. Determine r(w).
-7
Let g(b) = b**2 + 3. Let j be g(0). Let v(i) = i**2 - 3*i. Let l be v(j). Let y(c) = -5*c + 7 - 9*c - 11*c + 39*c - 7*c - 6*c. What is y(l)?
7
Let p(r) = 21*r**2 + 4*r + 3. Let y(x) = -16*x**2 - 17*x + 323. Let k be y(4). Determine p(k).
20
Let u(i) = 19*i - 70. Let p be u(0). Let h be (-680)/p + 2/7. Let z(t) = t**2 - 10*t - 10. What is z(h)?
-10
Let i(f) = -f**2 + 50. Let x be i(-7). Let v(o) = -x - 3 + 198*o**2 + 195*o**2 - 394*o**2 - 9*o. What is v(-8)?
4
Let g(s) = 2*s + 11. Suppose -18*d = -8*d - 50. Suppose -12*a - 6 = -11*a - 5*q, 60 = d*a + 5*q. Give g(a).
29
Let w(l) = -3*l**3 - 149*l**2 + 49*l - 46. Let g be w(-50). Let p(v) = -4*v**2 + 16*v - 8. Calculate p(g).
-8
Let m(d) = -d**2 + 2*d - 2. Suppose -28*j + 31*j = 3*f - 12, 0 = -5*f - j + 8. Determine m(f).
-2
Suppose -10546*m + 21 = -10539*m. Let w(v) = 2*v**3 + 3*v**2 - 5*v + 4. Determine w(m).
70
Let s(m) = 8649*m + 3*m**2 - 17333*m - 13 + 8649*m. Give s(12).
-1
Let w(o) = -4*o**3 - 7*o**2 + 9*o + 4. Suppose -22*d - 26*d + 144 = -0*d. What is w(d)?
-140
Let o(m) = 48*m + 3. Let k(r) = -r**2 + 46*r + 2. Let h(f) = -4*k(f) + 3*o(f). Calculate h(10).
1
Let w(i) = -5*i - 48. Let u(q) = -55*q - 5506. Let g be u(-100). Determine w(g).
-18
Let x be -5*(4 - 14*(-30)/(-25)). Let k be x + -74 + (-8)/6*-3. Let g(m) = -m**2 - 7*m + 7. Calculate g(k).
13
Let t(z) = -z**2 + z - 5. Let x(y) = -9*y + 10. Let h(k) = k - 1. Let u(p) = 6*h(p) + x(p). Let q be u(-4). Let o(r) = -r**2 + 16*r. Let g be o(q). Give t(g).
-5
Let p(v) = 2*v**2 + 4*v - 12. Let y be p(3). Suppose 38*a - 35*a = y. Let c(h) = h**3 - 6*h**2 + h + 3. Determine c(a).
9
Let f(h) be the second derivative of -h + 5*h**3 - 1/2*h**2 + 12. Calculate f(1).
29
Let t = 3632 - 3630. Let c(m) = -m - 2*m**2 + 3 + m**2 - m. What is c(t)?
-5
Let r = -30 + 33. Suppose 0 = -5*b + r*h - 32, -b + 2*h = 2*b + 19. Let k be b*6*3/63*-3. Let a(l) = -l**3 + 7*l**2 - 5*l + 2. Give a(k).
8
Let x = -40 - -84. Let d be x/88 - (-13)/2. Let f(q) = q**3 - 8*q**2 + 10*q - 7. Give f(d).
14
Let z(t) = 7*t. Let j(n) = n**2 + 16*n - 41. Let g be j(-21). Let k = g + -61. Suppose 2*a - 2*y + 12 = -7*y, k*y = -6. Determine z(a).
-7
Let l(d) = -3*d**2 - 95*d + 38. Let r be l(-32). Let b(q) be the second derivative of -q**3/6 + 7*q**2 + 30*q. Calculate b(r).
8
Let r(l) = -l**3 - 39*l**2 + 18*l - 845. Let t be r(-40). Let b(x) = -x**2 + 35*x + 10. Determine b(t).
10
Let j(l) = -2*l**2 - 8*l - 14. Suppose 0 = q + 3*g + 11, 5*q + 19 = -4479*g + 4482*g. What is j(q)?
-24
Let m(i) = -i - 10. Let f(h) = -h**2 + 17*h + 191. Let c be f(25). Wh